k**3 - k**2 + k. Let z(y) = -3*y**3 + 11*y - 14*y + 6*y - 2. Let r(d) = -2*g(d) + z(d). What are the prime factors of r(-3)?
2, 5
Suppose -239 = -6*s + 3031. List the prime factors of s.
5, 109
Let n = 9 - 7. Let w(o) = -12*o + 13*o + 6*o**n + 2 - 2. What are the prime factors of w(1)?
7
Let a = -158 + 228. Suppose -5*v + 2*w = -v - 148, 2*v - a = -w. Suppose 0*j - v = -3*j. List the prime factors of j.
2, 3
Suppose -k - 38 = -3*k. Suppose 2*g = v + g - k, 3*g = 2*v - 43. Let h = 44 + v. List the prime factors of h.
2, 29
Suppose 4*l = u - 293, 3*l = 3*u - 238 + 7. Let s(h) = -h**3 - 4*h**2 + 4*h + 3. Let x be s(3). Let t = x - l. What are the prime factors of t?
2, 3
Let n(v) = v**3 - 3*v**2 + 2*v - 2. Let k be n(3). Suppose -k*q + 2*u - 48 = 26, 2 = -2*u. Let y = -10 - q. List the prime factors of y.
3
Suppose 323*o - 321*o = 1298. List the prime factors of o.
11, 59
Suppose -15*t + 9*t + 12 = 0. What are the prime factors of 9576/40 - t/5?
239
What are the prime factors of 0 + (-1074)/(-3) - -6?
2, 7, 13
Let q(c) = c**3 + 3*c**2 - c - 8. Let j be q(-6). Let g be (-4708)/j*5/2. Let x = -63 + g. List the prime factors of x.
2, 11
Let b(z) = -z**3 + 8*z**2 - 3*z - 8. Suppose 18*a - 22*a = -16. What are the prime factors of b(a)?
2, 11
Let g(s) = 7 + 16 - 2*s - 7. Let z be g(14). What are the prime factors of (z/10)/((-2)/25)?
3, 5
Let t = 53 - 27. Let l = t + 58. What are the prime factors of l?
2, 3, 7
Let f(p) = 2*p + 14. Let d be f(-5). Suppose 4*o - 1200 = -0*b - b, 1176 = d*o - 5*b. What are the prime factors of o?
13, 23
Suppose 0 = 4*s - 4*l - 632, 0 = 2*s + l + l - 336. List the prime factors of s.
163
Suppose 5*f - 36 + 11 = 0, u = 4*f + 7. Let b be ((10 - 4) + -2)*33/6. Let q = u + b. List the prime factors of q.
7
Let o(r) = -11*r - 106. List the prime factors of o(-21).
5
Suppose 2*s + 3*i = 126, -i = i. Suppose 3*k - s = -5*q, k + q = 4*k - 63. List the prime factors of k.
3, 7
Let w(v) = 2*v**2 - 2. Let g be w(-2). Suppose -2*u + g = -4. What are the prime factors of u/((-2 + 3)/4)?
2, 5
Let u = 66 - -15. Suppose -4*r + 217 = v, u + 20 = 2*r - v. What are the prime factors of r?
53
Let i be 2 - 4 - (-3 + -4). Suppose 6*r - r = -i*y + 205, 4*r + y = 155. Suppose 72 = 2*n + 4*s, -3*s + r - 164 = -3*n. What are the prime factors of n?
2, 5
Let p be ((-3)/(-6) - 1)/(3/(-1230)). Suppose 0 = -0*z + 5*z - 3*u - p, 112 = 3*z - 4*u. List the prime factors of z.
2, 11
Let t = 17 + -20. List the prime factors of (-2 - (t - 57)) + 3.
61
Suppose 0 = -f + 501 - 211. What are the prime factors of f?
2, 5, 29
Let o(x) = -x**3 - 26*x**2 - 10*x + 54. What are the prime factors of o(-26)?
2, 157
Let d(b) = b**2 - 9*b - 25. Suppose -4*w + 9*w = 80. List the prime factors of d(w).
3, 29
Let q = -25 + 85. Let l = q - 43. List the prime factors of l.
17
List the prime factors of (0 + 8/(-10))*-5 + 169.
173
Let t(d) = -32*d + 221. What are the prime factors of t(-10)?
541
Let c = -77 + 893. What are the prime factors of c?
2, 3, 17
Suppose 5*k + i = 21, 0 = 3*k + 4*i - 16 - 0. What are the prime factors of k + 0 + (1 - 62*-3)?
191
Suppose -131 = h - 632. What are the prime factors of h?
3, 167
Let c(m) = 25*m**2 - 63. List the prime factors of c(7).
2, 7, 83
Suppose 3*h - 91 - 1358 = -k, 0 = -k - h + 1453. What are the prime factors of k?
3, 5, 97
Let n(p) = -4*p**3 + 21*p**2 - 12*p - 26. What are the prime factors of n(-6)?
2, 7, 17
Let w = -200 + 341. Let p = w - 17. What are the prime factors of p?
2, 31
Suppose 2*r - 1352 - 4456 = 5*l, r + 5*l - 2919 = 0. What are the prime factors of r?
2909
Suppose -5*q - 5*v = -3460, -790 = 5*q + 3*v - 4256. What are the prime factors of q?
5, 139
List the prime factors of (-4)/(-120)*3 + (-19074)/(-60).
2, 3, 53
Suppose 4*y - 20 = 116. Let o = 7 + y. List the prime factors of o.
41
Let d be -5*(3 + -2 - 12). Let p = 84 - d. List the prime factors of p.
29
Suppose 3*j - 690 = -5*i, 125 = -i + 2*i - 2*j. Let n = i - -83. List the prime factors of n.
2, 109
Let w = 92 + 462. What are the prime factors of w?
2, 277
Let u = -1801 - -1827. Let m = -35 - -18. Let x = u + m. What are the prime factors of x?
3
Suppose 4*b - 15 = -5*o + 11, -5*b = o - 22. Suppose 5*j = 2*z + z - 807, 0 = -b*z + 5*j + 1076. What are the prime factors of z?
269
Suppose 61*b - 80818 = 123349. List the prime factors of b.
3347
Let k be (54/15)/(-9) + (-4)/(-10). Suppose k = -0*b + b - 18. What are the prime factors of b?
2, 3
Let u(y) = -5*y**3 - 3*y + y**2 - 2*y + 4*y**3 - 2 - 3*y**2. List the prime factors of u(-3).
2, 11
Suppose -3*x - 20 = -0*w - w, 0 = x. Suppose r = 171 - w. List the prime factors of r.
151
Suppose -2*f - j + 110 = 0, 4*f - 3*j = 233 - 23. Suppose -a - 5*m = -f, 2*a - 3*a + m = -24. List the prime factors of a.
29
Suppose 0 = -781*l + 772*l + 15012. What are the prime factors of l?
2, 3, 139
Let x(o) = -3*o**2 + 5*o + 9. Let b = 21 - 17. Let s(d) = 10*d**2 - 15*d - 26. Let h(p) = b*s(p) + 11*x(p). What are the prime factors of h(-2)?
3, 11
Suppose -547 = -2*z - d, 0*d = -4*z + d + 1079. Suppose -3*a - 4*v + 94 + z = 0, v = 5. List the prime factors of a.
5, 23
Suppose 0 = -151*j + 145*j + 3366. What are the prime factors of j?
3, 11, 17
What are the prime factors of 2/12 - 20/(-24) - -620?
3, 23
Let s = 74 - 17. What are the prime factors of s?
3, 19
Let x(h) = -h**3 - 9*h**2 - h - 5. Let q be x(-9). Suppose q*m = -10 + 30. Suppose -m*b - 35 = -6*b. List the prime factors of b.
5, 7
Let h be ((-54)/(-12))/((-3)/(-6)). Let x be 573/(-12) + h/12. Let y = x - -70. List the prime factors of y.
23
Suppose -5*s = -3*o + 43, -s + 33 = -0*o + 2*o. What are the prime factors of o/(-6)*-2*(-636)/(-32)?
2, 53
Let g be -3 + 1 - 12/(-3). Suppose -4*k - 30 = -t, k - 67 = -g*t + 20. What are the prime factors of t?
2, 3, 7
Let v(j) = -j**3 + 7*j**2 - 2*j - 8. Let g = -13 - -19. What are the prime factors of v(g)?
2
Suppose z = -2*z + 96. Suppose -2*j - z + 154 = 0. List the prime factors of j.
61
Suppose 0 = -3*z + 1053 - 429. Let l = z + -108. List the prime factors of l.
2, 5
Let f = -9 + 210. Let h = f + -36. What are the prime factors of h?
3, 5, 11
Let d be 45/3 + 0 + -2. Suppose -3*y - n = -4 - 3, d = 5*y + 3*n. Suppose 4*u - y*u = 116. List the prime factors of u.
2, 29
Let d(f) = 7*f**2 - 2*f - 1. Let o be d(-1). Let p = -6 + o. Suppose 3*r - 2*c = 17, -4*r + 31 = r - p*c. List the prime factors of r.
7
Suppose -5*l = -15, 5*o = -6*l + 8*l + 74. List the prime factors of o.
2
Suppose -5*i + 2*z = -34, -4*i = -z - z - 26. Suppose -d - d = 5*p - i, 0 = d - 5*p - 34. List the prime factors of d.
2, 7
Let t(d) = 16*d**2 - 4*d + 3. Let y(w) = 31*w**2 - 7*w + 6. Let m(a) = -7*t(a) + 4*y(a). What are the prime factors of m(-3)?
3, 37
Let c(p) be the second derivative of -3*p**5/20 - p**4/2 - p**3 - 3*p**2 + 24*p. List the prime factors of c(-4).
2, 3, 19
Suppose -2*j - 4*j - 18 = 0. Let c = 37 + j. List the prime factors of c.
2, 17
Suppose -2*o + 22 - 88 = -5*c, o - 4*c = -27. Let x = 60 + o. List the prime factors of x.
17
Let s(a) = -23*a**3 - 2*a**2. Let t be s(-2). Suppose -3*w + t = 4*d, 7*w + 3*d - 275 = 2*w. What are the prime factors of w?
2, 13
Let x(h) = 40*h**2 - 2*h - 2. Let f be x(-1). Suppose -4*n - 131 = -2*k - 3, -160 = -3*k - 2*n. Let t = k - f. What are the prime factors of t?
2
Let z(o) be the first derivative of -4*o**2 - 2*o + 2/3*o**3 - 2. List the prime factors of z(6).
2, 11
Suppose j + 5*a = 469, -3*j + 1781 = j + a. Suppose v = -5*d + 431, 5*d - 4*v - 7 = j. What are the prime factors of d?
3, 29
Let n = -69 - -104. What are the prime factors of n?
5, 7
Suppose 5*a = 3*a + 6. Suppose a*c = c - 84. Let n = c + 86. What are the prime factors of n?
2, 11
Let v be 2 + -1 + -2 - 144/1. Let d = v + 254. List the prime factors of d.
109
Suppose 0 = -p - 2*d + 446, -5*p = -p + 5*d - 1799. List the prime factors of p.
2, 3, 19
Suppose -4*z + 51 = 5*h, 3*h - 28 - 5 = -3*z. Let t(y) = y**3 - y**2 + 2 + 10*y - 3 - 6*y**2. List the prime factors of t(h).
3, 23
Let u be 14/(-7) + 2 + 1. Let m = 5 - u. Suppose 2*s - 27 = -3*k, m*k = -s + 10 + 16. List the prime factors of s.
2, 3
Suppose -n = -4, -5*v + v + 4*n + 23472 = 0. Let o be (-2)/(-13) + v/26. Suppose -5*w + o - 66 = 0. What are the prime factors of w?
2
Let 